{"id":113,"date":"2025-03-24T23:39:16","date_gmt":"2025-03-24T23:39:16","guid":{"rendered":"https:\/\/www.diversidadessinfronteras.cl\/?page_id=113"},"modified":"2025-09-13T19:12:33","modified_gmt":"2025-09-13T23:12:33","slug":"hhhh","status":"publish","type":"page","link":"https:\/\/www.diversidadessinfronteras.cl\/","title":{"rendered":"Bienvenidos"},"content":{"rendered":"<div class=\"wp-block-image\">\n<figure class=\"aligncenter size-large is-resized\"><a href=\"https:\/\/respondediversidades.ine.gob.cl\/\" target=\"_blank\" rel=\" noreferrer noopener\"><img loading=\"lazy\" decoding=\"async\" width=\"1024\" height=\"576\" src=\"https:\/\/www.diversidadessinfronteras.cl\/wp-content\/uploads\/2025\/08\/encuesta-ine-1024x576.png\" alt=\"\" class=\"wp-image-1118\" style=\"width:311px;height:auto\" srcset=\"https:\/\/www.diversidadessinfronteras.cl\/wp-content\/uploads\/2025\/08\/encuesta-ine-1024x576.png 1024w, https:\/\/www.diversidadessinfronteras.cl\/wp-content\/uploads\/2025\/08\/encuesta-ine-300x169.png 300w, https:\/\/www.diversidadessinfronteras.cl\/wp-content\/uploads\/2025\/08\/encuesta-ine-768x432.png 768w, https:\/\/www.diversidadessinfronteras.cl\/wp-content\/uploads\/2025\/08\/encuesta-ine-1536x865.png 1536w, https:\/\/www.diversidadessinfronteras.cl\/wp-content\/uploads\/2025\/08\/encuesta-ine.png 1972w\" sizes=\"auto, (max-width: 1024px) 100vw, 1024px\" \/><\/a><\/figure>\n<\/div>\n\n\n<hr class=\"wp-block-separator has-alpha-channel-opacity is-style-dots\"\/>\n\n\n\n<div class=\"wp-block-columns is-layout-flex wp-container-core-columns-is-layout-9d6595d7 wp-block-columns-is-layout-flex\">\n<div class=\"wp-block-column is-layout-flow wp-block-column-is-layout-flow\">\n<figure class=\"wp-block-embed is-type-video is-provider-youtube wp-block-embed-youtube wp-embed-aspect-16-9 wp-has-aspect-ratio\"><div class=\"wp-block-embed__wrapper\">\n<iframe loading=\"lazy\" title=\"TRYGG - Oslo Pride 2025\" width=\"640\" height=\"360\" src=\"https:\/\/www.youtube.com\/embed\/UVepoXddTW4?feature=oembed\" frameborder=\"0\" allow=\"accelerometer; autoplay; clipboard-write; encrypted-media; gyroscope; picture-in-picture; web-share\" referrerpolicy=\"strict-origin-when-cross-origin\" allowfullscreen><\/iframe>\n<\/div><\/figure>\n<\/div>\n\n\n\n<div class=\"wp-block-column is-layout-flow wp-block-column-is-layout-flow\">\n<p class=\"has-medium-font-size\" style=\"font-style:normal;font-weight:200\"><strong>\ud83c\udf08<\/strong> Poco se habla del significado de los colores del arco\u00edris, pero la verdad es simple: Mostrar qui\u00e9n eres, o con qui\u00e9n est\u00e1s. No es decoraci\u00f3n. <strong>Es un acto de pertenencia, de seguridad y de amor<\/strong>. <strong>\ud83c\udf08\ud83d\udc9c<\/strong><\/p>\n<\/div>\n<\/div>\n\n\n\n<div class=\"wp-block-columns is-layout-flex wp-container-core-columns-is-layout-9d6595d7 wp-block-columns-is-layout-flex\">\n<div class=\"wp-block-column is-layout-flow wp-block-column-is-layout-flow\">\n<p class=\"has-medium-font-size\" style=\"font-style:normal;font-weight:200\">Durante a\u00f1os, nos ense\u00f1aron a esconder lo que sentimos. A mirar con miedo, a callar lo que grita el coraz\u00f3n. Pero el amor no deber\u00eda esconderse. No importa a qui\u00e9n ames, mereces vivirlo con orgullo. Porque amar con libertad no es un privilegio, es un derecho.  \u2764\ufe0f\ud83e\udde1\ud83d\udc9b\ud83d\udc9a\ud83d\udc99\ud83d\udc9c&nbsp;<strong>El amor no debe ser un secreto. \u201cAmar libremente, vivir plenamente.\u201d<\/strong><\/p>\n<\/div>\n\n\n\n<div class=\"wp-block-column is-layout-flow wp-block-column-is-layout-flow\">\n<figure class=\"wp-block-embed is-type-video is-provider-youtube wp-block-embed-youtube wp-embed-aspect-4-3 wp-has-aspect-ratio\"><div class=\"wp-block-embed__wrapper\">\n<iframe loading=\"lazy\" title=\"El amor no debe ser un secreto\" width=\"640\" height=\"480\" src=\"https:\/\/www.youtube.com\/embed\/_4k3U1851Hg?feature=oembed\" frameborder=\"0\" allow=\"accelerometer; autoplay; clipboard-write; encrypted-media; gyroscope; picture-in-picture; web-share\" referrerpolicy=\"strict-origin-when-cross-origin\" allowfullscreen><\/iframe>\n<\/div><\/figure>\n<\/div>\n<\/div>\n\n\n\n<div class=\"wp-block-columns is-layout-flex wp-container-core-columns-is-layout-9d6595d7 wp-block-columns-is-layout-flex\">\n<div class=\"wp-block-column is-layout-flow wp-block-column-is-layout-flow\">\n<figure class=\"wp-block-embed is-type-video is-provider-youtube wp-block-embed-youtube wp-embed-aspect-16-9 wp-has-aspect-ratio\"><div class=\"wp-block-embed__wrapper\">\n<iframe loading=\"lazy\" title=\"Espa\u00f1a es #OrgullosamenteDiferente\" width=\"640\" height=\"360\" src=\"https:\/\/www.youtube.com\/embed\/Q9GKXpuZD-U?feature=oembed\" frameborder=\"0\" allow=\"accelerometer; autoplay; clipboard-write; encrypted-media; gyroscope; picture-in-picture; web-share\" referrerpolicy=\"strict-origin-when-cross-origin\" allowfullscreen><\/iframe>\n<\/div><\/figure>\n<\/div>\n\n\n\n<div class=\"wp-block-column is-layout-flow wp-block-column-is-layout-flow\">\n<p class=\"has-medium-font-size\" style=\"font-style:normal;font-weight:200\">Todo est\u00e1 cambiando. Las calles ya no guardan silencio. Las miradas ya no se esconden. Las banderas ya no se doblan: se alzan. Somos voces que antes callaban. Colores que antes se apagaban. Hoy brillamos. En la escuela, en la pega, en la plaza. En cada rinc\u00f3n donde antes no cab\u00edamos, ahora dejamos huella. Porque ser diferente no es un error. Es una fuerza. Es identidad. Y aunque queda camino por recorrer, lo estamos haciendo con orgullo.<\/p>\n\n\n\n<p class=\"has-medium-font-size\" style=\"font-style:normal;font-weight:200\">\ud83c\udf08&nbsp;<strong>Orgullosamente diferente. \u201cLo que nos hace diferentes, nos hace poderosxs.\u201d<\/strong><\/p>\n<\/div>\n<\/div>\n\n\n\n<div class=\"wp-block-columns is-layout-flex wp-container-core-columns-is-layout-9d6595d7 wp-block-columns-is-layout-flex\">\n<div class=\"wp-block-column is-layout-flow wp-block-column-is-layout-flow\">\n<p class=\"has-medium-font-size\" style=\"font-style:normal;font-weight:200\">A veces, lo primero que vemos en alguien\u2026 es una etiqueta. \u201cMuy diferente\u201d, \u201cDemasiado raro\u201d, \u201cNo encaja\u201d, \u201cNo es normal\u201d.<\/p>\n\n\n\n<p class=\"has-medium-font-size\" style=\"font-style:normal;font-weight:200\"><strong>Pero, \u00bfy si miramos m\u00e1s all\u00e1? \u00bfY si en lugar de juzgar, escuchamos?<\/strong><\/p>\n\n\n\n<p class=\"has-medium-font-size\" style=\"font-style:normal;font-weight:200\">Cada persona tiene una historia, un camino, una lucha, un sue\u00f1o. No somos casillas que llenar. No somos categor\u00edas para ordenar. Somos humanidad. Somos amor. Y lo \u00fanico que realmente necesitamos\u2026 es empat\u00eda. \ud83d\udcac&nbsp;Que las etiquetas sean para el equipaje, no para las personas.<\/p>\n<\/div>\n\n\n\n<div class=\"wp-block-column is-layout-flow wp-block-column-is-layout-flow\">\n<figure class=\"wp-block-embed is-type-video is-provider-youtube wp-block-embed-youtube wp-embed-aspect-16-9 wp-has-aspect-ratio\"><div class=\"wp-block-embed__wrapper\">\n<iframe loading=\"lazy\" title=\"Asiento de la Empat\u00eda.\" width=\"640\" height=\"360\" src=\"https:\/\/www.youtube.com\/embed\/8-w-7WprINg?feature=oembed\" frameborder=\"0\" allow=\"accelerometer; autoplay; clipboard-write; encrypted-media; gyroscope; picture-in-picture; web-share\" referrerpolicy=\"strict-origin-when-cross-origin\" allowfullscreen><\/iframe>\n<\/div><\/figure>\n<\/div>\n<\/div>\n\n\n\n<hr class=\"wp-block-separator has-alpha-channel-opacity is-style-dots\"\/>\n\n\n\n<figure class=\"wp-block-image size-large\"><img loading=\"lazy\" decoding=\"async\" width=\"1024\" height=\"170\" src=\"https:\/\/www.diversidadessinfronteras.cl\/wp-content\/uploads\/2025\/04\/Bienvenidos-final-1024x170.png\" alt=\"\" class=\"wp-image-587\" srcset=\"https:\/\/www.diversidadessinfronteras.cl\/wp-content\/uploads\/2025\/04\/Bienvenidos-final-1024x170.png 1024w, https:\/\/www.diversidadessinfronteras.cl\/wp-content\/uploads\/2025\/04\/Bienvenidos-final-300x50.png 300w, https:\/\/www.diversidadessinfronteras.cl\/wp-content\/uploads\/2025\/04\/Bienvenidos-final-768x127.png 768w, https:\/\/www.diversidadessinfronteras.cl\/wp-content\/uploads\/2025\/04\/Bienvenidos-final-1536x255.png 1536w, https:\/\/www.diversidadessinfronteras.cl\/wp-content\/uploads\/2025\/04\/Bienvenidos-final-2048x340.png 2048w\" sizes=\"auto, (max-width: 1024px) 100vw, 1024px\" \/><\/figure>\n\n\n\n<p class=\"has-text-align-center has-medium-font-size\" style=\"font-style:normal;font-weight:200\"><strong>\u00a1Bienvenid@s a Diversidades sin Fronteras!<\/strong><\/p>\n\n\n\n<p class=\"has-text-align-center has-medium-font-size\" style=\"font-style:normal;font-weight:200\">Somos una agrupaci\u00f3n<strong> LGBTI+<\/strong> comprometida con la <strong>inclusi\u00f3<\/strong>n, la <strong>visibilidad<\/strong> y el <strong>respeto<\/strong> en nuestra comunidad de Quill\u00f3n. Creemos en un mundo sin barreras, donde el amor, la identidad y la diversidad sean celebrados sin miedo ni prejuicios.<\/p>\n\n\n\n<p class=\"has-text-align-center has-medium-font-size\" style=\"font-style:normal;font-weight:200\">Aqu\u00ed encontrar\u00e1s un espacio seguro para compartir, aprender y luchar junt@s por nuestros derechos. Nos une la convicci\u00f3n de que cada persona merece vivir con orgullo y dignidad.<\/p>\n\n\n\n<p class=\"has-text-align-center has-medium-font-size\" style=\"font-style:normal;font-weight:200\">Te invitamos a ser parte de esta familia diversa, a construir puentes de amor y a transformar nuestra realidad con el poder de la comunidad.<\/p>\n\n\n\n<p class=\"has-text-align-center has-medium-font-size\" style=\"font-style:normal;font-weight:200\"><strong>\u00a1Diversidades sin Fronteras es tu hogar!&nbsp;\ud83c\udf08\ud83d\udc9c<\/strong><\/p>\n\n\n<div class=\"wp-block-image is-style-rounded\">\n<figure class=\"aligncenter size-full is-resized\"><img loading=\"lazy\" decoding=\"async\" width=\"800\" height=\"599\" src=\"https:\/\/www.diversidadessinfronteras.cl\/wp-content\/uploads\/2025\/03\/Captura-de-pantalla-2025-03-24-a-las-10.59.51\u202fp.m.png\" alt=\"\" class=\"wp-image-166\" style=\"width:572px;height:auto\" srcset=\"https:\/\/www.diversidadessinfronteras.cl\/wp-content\/uploads\/2025\/03\/Captura-de-pantalla-2025-03-24-a-las-10.59.51\u202fp.m.png 800w, https:\/\/www.diversidadessinfronteras.cl\/wp-content\/uploads\/2025\/03\/Captura-de-pantalla-2025-03-24-a-las-10.59.51\u202fp.m-300x225.png 300w, https:\/\/www.diversidadessinfronteras.cl\/wp-content\/uploads\/2025\/03\/Captura-de-pantalla-2025-03-24-a-las-10.59.51\u202fp.m-768x575.png 768w\" sizes=\"auto, (max-width: 800px) 100vw, 800px\" \/><\/figure>\n<\/div>\n\n\n<p><\/p>\n\n\n<div class=\"wp-block-image\">\n<figure class=\"aligncenter size-full is-resized\"><a href=\"http:\/\/www.diversidadessinfronteras.cl\"><img loading=\"lazy\" decoding=\"async\" width=\"1024\" height=\"58\" src=\"https:\/\/www.diversidadessinfronteras.cl\/wp-content\/uploads\/2025\/04\/DIVERSIDADES.png\" alt=\"\" class=\"wp-image-531\" style=\"width:571px;height:auto\" srcset=\"https:\/\/www.diversidadessinfronteras.cl\/wp-content\/uploads\/2025\/04\/DIVERSIDADES.png 1024w, https:\/\/www.diversidadessinfronteras.cl\/wp-content\/uploads\/2025\/04\/DIVERSIDADES-300x17.png 300w, https:\/\/www.diversidadessinfronteras.cl\/wp-content\/uploads\/2025\/04\/DIVERSIDADES-768x44.png 768w\" sizes=\"auto, (max-width: 1024px) 100vw, 1024px\" \/><\/a><\/figure>\n<\/div>\n\n\n<hr class=\"wp-block-separator has-alpha-channel-opacity is-style-dots\"\/>\n\n\n<ul style=\"font-style:normal;font-weight:200;\" class=\"wp-block-latest-posts__list wp-block-latest-posts has-medium-font-size\"><li><div class=\"wp-block-latest-posts__featured-image alignleft\"><a href=\"https:\/\/www.diversidadessinfronteras.cl\/?p=1143\" aria-label=\"Por primera vez, un matrimonio homoparental adopta un ni\u00f1o en Valpara\u00edso\"><img loading=\"lazy\" decoding=\"async\" width=\"300\" height=\"155\" src=\"https:\/\/www.diversidadessinfronteras.cl\/wp-content\/uploads\/2025\/09\/adopcion2-300x155.png\" class=\"attachment-medium size-medium wp-post-image\" alt=\"\" style=\"\" srcset=\"https:\/\/www.diversidadessinfronteras.cl\/wp-content\/uploads\/2025\/09\/adopcion2-300x155.png 300w, https:\/\/www.diversidadessinfronteras.cl\/wp-content\/uploads\/2025\/09\/adopcion2-768x396.png 768w, https:\/\/www.diversidadessinfronteras.cl\/wp-content\/uploads\/2025\/09\/adopcion2.png 906w\" sizes=\"auto, (max-width: 300px) 100vw, 300px\" \/><\/a><\/div><a class=\"wp-block-latest-posts__post-title\" href=\"https:\/\/www.diversidadessinfronteras.cl\/?p=1143\">Por primera vez, un matrimonio homoparental adopta un ni\u00f1o en Valpara\u00edso<\/a><div class=\"wp-block-latest-posts__post-excerpt\">Valpara\u00edso, Chile \u2013 En un hito hist\u00f3rico para la ciudad y el pa\u00eds, un matrimonio homoparental ha logrado adoptar a un ni\u00f1o, marcando un avance significativo en los derechos de las familias diversas en Chile. Este acontecimiento, que se celebra como un paso importante hacia la igualdad y la aceptaci\u00f3n. El proceso se llev\u00f3 a&#8230;<\/div><\/li>\n<li><div class=\"wp-block-latest-posts__featured-image alignleft\"><a href=\"https:\/\/www.diversidadessinfronteras.cl\/?p=1116\" aria-label=\"Encuesta Diversidades Sexuales y de G\u00e9nero en Chile\"><img loading=\"lazy\" decoding=\"async\" width=\"300\" height=\"169\" src=\"https:\/\/www.diversidadessinfronteras.cl\/wp-content\/uploads\/2025\/08\/encuesta-ine-300x169.png\" class=\"attachment-medium size-medium wp-post-image\" alt=\"\" style=\"\" srcset=\"https:\/\/www.diversidadessinfronteras.cl\/wp-content\/uploads\/2025\/08\/encuesta-ine-300x169.png 300w, https:\/\/www.diversidadessinfronteras.cl\/wp-content\/uploads\/2025\/08\/encuesta-ine-1024x576.png 1024w, https:\/\/www.diversidadessinfronteras.cl\/wp-content\/uploads\/2025\/08\/encuesta-ine-768x432.png 768w, https:\/\/www.diversidadessinfronteras.cl\/wp-content\/uploads\/2025\/08\/encuesta-ine-1536x865.png 1536w, https:\/\/www.diversidadessinfronteras.cl\/wp-content\/uploads\/2025\/08\/encuesta-ine.png 1972w\" sizes=\"auto, (max-width: 300px) 100vw, 300px\" \/><\/a><\/div><a class=\"wp-block-latest-posts__post-title\" href=\"https:\/\/www.diversidadessinfronteras.cl\/?p=1116\">Encuesta Diversidades Sexuales y de G\u00e9nero en Chile<\/a><div class=\"wp-block-latest-posts__post-excerpt\">Chile da un importante paso hacia la inclusi\u00f3n y el reconocimiento de las diversidades sexuales y de g\u00e9nero con la realizaci\u00f3n de la primera Encuesta Diversidades Sexuales y de G\u00e9nero, organizada por el Instituto Nacional de Estad\u00edsticas (INE). Esta iniciativa, que busca recopilar informaci\u00f3n valiosa sobre las realidades y necesidades de la poblaci\u00f3n LGBTIQ+ en&#8230;<\/div><\/li>\n<li><div class=\"wp-block-latest-posts__featured-image alignleft\"><a href=\"https:\/\/www.diversidadessinfronteras.cl\/?p=1051\" aria-label=\"DSF abre la convocatoria para el II concurso de escritura \u00abCada Letra Cuenta\u00bb\"><img loading=\"lazy\" decoding=\"async\" width=\"233\" height=\"300\" src=\"https:\/\/www.diversidadessinfronteras.cl\/wp-content\/uploads\/2025\/07\/concurso2025-233x300.png\" class=\"attachment-medium size-medium wp-post-image\" alt=\"\" style=\"\" srcset=\"https:\/\/www.diversidadessinfronteras.cl\/wp-content\/uploads\/2025\/07\/concurso2025-233x300.png 233w, https:\/\/www.diversidadessinfronteras.cl\/wp-content\/uploads\/2025\/07\/concurso2025-768x989.png 768w, https:\/\/www.diversidadessinfronteras.cl\/wp-content\/uploads\/2025\/07\/concurso2025.png 795w\" sizes=\"auto, (max-width: 233px) 100vw, 233px\" \/><\/a><\/div><a class=\"wp-block-latest-posts__post-title\" href=\"https:\/\/www.diversidadessinfronteras.cl\/?p=1051\">DSF abre la convocatoria para el II concurso de escritura \u00abCada Letra Cuenta\u00bb<\/a><div class=\"wp-block-latest-posts__post-excerpt\">La organizaci\u00f3n Diversidades Sin Fronteras se complace en anunciar el lanzamiento del segundo concurso de escritura titulado \u201cCada Letra Cuenta\u201d, dirigido a todas las personas mayores de 18 a\u00f1os de las regiones de \u00d1uble y Biob\u00edo. Este concurso busca promover la expresi\u00f3n literaria y resaltar la riqueza de las voces diversas a trav\u00e9s de la&#8230;<\/div><\/li>\n<\/ul><div class=\"pvc_clear\"><\/div><p id=\"pvc_stats_113\" class=\"pvc_stats all  \" data-element-id=\"113\" style=\"\"><i class=\"pvc-stats-icon large\" aria-hidden=\"true\"><svg xmlns=\"http:\/\/www.w3.org\/2000\/svg\" version=\"1.0\" viewBox=\"0 0 502 315\" preserveAspectRatio=\"xMidYMid meet\"><g transform=\"translate(0,332) scale(0.1,-0.1)\" fill=\"\" stroke=\"none\"><path d=\"M2394 3279 l-29 -30 -3 -207 c-2 -182 0 -211 15 -242 39 -76 157 -76 196 0 15 31 17 60 15 243 l-3 209 -33 29 c-26 23 -41 29 -80 29 -41 0 -53 -5 -78 -31z\"\/><path d=\"M3085 3251 c-45 -19 -58 -50 -96 -229 -47 -217 -49 -260 -13 -295 52 -53 146 -42 177 20 16 31 87 366 87 410 0 70 -86 122 -155 94z\"\/><path d=\"M1751 3234 c-13 -9 -29 -31 -37 -50 -12 -29 -10 -49 21 -204 19 -94 39 -189 45 -210 14 -50 54 -80 110 -80 34 0 48 6 76 34 21 21 34 44 34 59 0 14 -18 113 -40 219 -37 178 -43 195 -70 221 -36 32 -101 37 -139 11z\"\/><path d=\"M1163 3073 c-36 -7 -73 -59 -73 -102 0 -56 133 -378 171 -413 34 -32 83 -37 129 -13 70 36 67 87 -16 290 -86 209 -89 214 -129 231 -35 14 -42 15 -82 7z\"\/><path d=\"M3689 3066 c-15 -9 -33 -30 -42 -48 -48 -103 -147 -355 -147 -375 0 -98 131 -148 192 -74 13 15 57 108 97 206 80 196 84 226 37 273 -30 30 -99 39 -137 18z\"\/><path d=\"M583 2784 c-38 -19 -67 -74 -58 -113 9 -42 211 -354 242 -373 16 -10 45 -18 66 -18 51 0 107 52 107 100 0 39 -1 41 -124 234 -80 126 -108 162 -133 173 -41 17 -61 16 -100 -3z\"\/><path d=\"M4250 2784 c-14 -9 -74 -91 -133 -183 -95 -150 -107 -173 -107 -213 0 -55 33 -94 87 -104 67 -13 90 8 211 198 130 202 137 225 78 284 -27 27 -42 34 -72 34 -22 0 -50 -8 -64 -16z\"\/><path d=\"M2275 2693 c-553 -48 -1095 -270 -1585 -649 -135 -104 -459 -423 -483 -476 -23 -49 -22 -139 2 -186 73 -142 361 -457 571 -626 285 -228 642 -407 990 -497 242 -63 336 -73 660 -74 310 0 370 5 595 52 535 111 1045 392 1455 803 122 121 250 273 275 326 19 41 19 137 0 174 -41 79 -309 363 -465 492 -447 370 -946 591 -1479 653 -113 14 -422 18 -536 8z m395 -428 c171 -34 330 -124 456 -258 112 -119 167 -219 211 -378 27 -96 24 -300 -5 -401 -72 -255 -236 -447 -474 -557 -132 -62 -201 -76 -368 -76 -167 0 -236 14 -368 76 -213 98 -373 271 -451 485 -162 444 86 934 547 1084 153 49 292 57 452 25z m909 -232 c222 -123 408 -262 593 -441 76 -74 138 -139 138 -144 0 -16 -233 -242 -330 -319 -155 -123 -309 -223 -461 -299 l-81 -41 32 46 c18 26 49 83 70 128 143 306 141 649 -6 957 -25 52 -61 116 -79 142 l-34 47 45 -20 c26 -10 76 -36 113 -56z m-2057 25 c-40 -58 -105 -190 -130 -263 -110 -324 -59 -707 132 -981 25 -35 42 -64 37 -64 -19 0 -241 119 -326 174 -188 122 -406 314 -532 468 l-58 71 108 103 c185 178 428 349 672 473 66 33 121 60 123 61 2 0 -10 -19 -26 -42z\"\/><path d=\"M2375 1950 c-198 -44 -350 -190 -395 -379 -18 -76 -8 -221 19 -290 114 -284 457 -406 731 -260 98 52 188 154 231 260 27 69 37 214 19 290 -38 163 -166 304 -326 360 -67 23 -215 33 -279 19z\"\/><\/g><\/svg><\/i> <img loading=\"lazy\" decoding=\"async\" width=\"16\" height=\"16\" alt=\"Loading\" src=\"https:\/\/www.diversidadessinfronteras.cl\/wp-content\/plugins\/page-views-count\/ajax-loader-2x.gif\" border=0 \/><\/p><div class=\"pvc_clear\"><\/div>","protected":false},"excerpt":{"rendered":"<p>\ud83c\udf08 Poco se habla del significado de los colores del arco\u00edris, pero la verdad es simple: Mostrar qui\u00e9n eres, o con qui\u00e9n est\u00e1s. No es decoraci\u00f3n. Es un acto de&#8230;<\/p>\n<div class=\"pvc_clear\"><\/div>\n<p id=\"pvc_stats_113\" class=\"pvc_stats all  \" data-element-id=\"113\" style=\"\"><i class=\"pvc-stats-icon large\" aria-hidden=\"true\"><svg xmlns=\"http:\/\/www.w3.org\/2000\/svg\" version=\"1.0\" viewBox=\"0 0 502 315\" preserveAspectRatio=\"xMidYMid meet\"><g transform=\"translate(0,332) scale(0.1,-0.1)\" fill=\"\" stroke=\"none\"><path d=\"M2394 3279 l-29 -30 -3 -207 c-2 -182 0 -211 15 -242 39 -76 157 -76 196 0 15 31 17 60 15 243 l-3 209 -33 29 c-26 23 -41 29 -80 29 -41 0 -53 -5 -78 -31z\"\/><path d=\"M3085 3251 c-45 -19 -58 -50 -96 -229 -47 -217 -49 -260 -13 -295 52 -53 146 -42 177 20 16 31 87 366 87 410 0 70 -86 122 -155 94z\"\/><path d=\"M1751 3234 c-13 -9 -29 -31 -37 -50 -12 -29 -10 -49 21 -204 19 -94 39 -189 45 -210 14 -50 54 -80 110 -80 34 0 48 6 76 34 21 21 34 44 34 59 0 14 -18 113 -40 219 -37 178 -43 195 -70 221 -36 32 -101 37 -139 11z\"\/><path d=\"M1163 3073 c-36 -7 -73 -59 -73 -102 0 -56 133 -378 171 -413 34 -32 83 -37 129 -13 70 36 67 87 -16 290 -86 209 -89 214 -129 231 -35 14 -42 15 -82 7z\"\/><path d=\"M3689 3066 c-15 -9 -33 -30 -42 -48 -48 -103 -147 -355 -147 -375 0 -98 131 -148 192 -74 13 15 57 108 97 206 80 196 84 226 37 273 -30 30 -99 39 -137 18z\"\/><path d=\"M583 2784 c-38 -19 -67 -74 -58 -113 9 -42 211 -354 242 -373 16 -10 45 -18 66 -18 51 0 107 52 107 100 0 39 -1 41 -124 234 -80 126 -108 162 -133 173 -41 17 -61 16 -100 -3z\"\/><path d=\"M4250 2784 c-14 -9 -74 -91 -133 -183 -95 -150 -107 -173 -107 -213 0 -55 33 -94 87 -104 67 -13 90 8 211 198 130 202 137 225 78 284 -27 27 -42 34 -72 34 -22 0 -50 -8 -64 -16z\"\/><path d=\"M2275 2693 c-553 -48 -1095 -270 -1585 -649 -135 -104 -459 -423 -483 -476 -23 -49 -22 -139 2 -186 73 -142 361 -457 571 -626 285 -228 642 -407 990 -497 242 -63 336 -73 660 -74 310 0 370 5 595 52 535 111 1045 392 1455 803 122 121 250 273 275 326 19 41 19 137 0 174 -41 79 -309 363 -465 492 -447 370 -946 591 -1479 653 -113 14 -422 18 -536 8z m395 -428 c171 -34 330 -124 456 -258 112 -119 167 -219 211 -378 27 -96 24 -300 -5 -401 -72 -255 -236 -447 -474 -557 -132 -62 -201 -76 -368 -76 -167 0 -236 14 -368 76 -213 98 -373 271 -451 485 -162 444 86 934 547 1084 153 49 292 57 452 25z m909 -232 c222 -123 408 -262 593 -441 76 -74 138 -139 138 -144 0 -16 -233 -242 -330 -319 -155 -123 -309 -223 -461 -299 l-81 -41 32 46 c18 26 49 83 70 128 143 306 141 649 -6 957 -25 52 -61 116 -79 142 l-34 47 45 -20 c26 -10 76 -36 113 -56z m-2057 25 c-40 -58 -105 -190 -130 -263 -110 -324 -59 -707 132 -981 25 -35 42 -64 37 -64 -19 0 -241 119 -326 174 -188 122 -406 314 -532 468 l-58 71 108 103 c185 178 428 349 672 473 66 33 121 60 123 61 2 0 -10 -19 -26 -42z\"\/><path d=\"M2375 1950 c-198 -44 -350 -190 -395 -379 -18 -76 -8 -221 19 -290 114 -284 457 -406 731 -260 98 52 188 154 231 260 27 69 37 214 19 290 -38 163 -166 304 -326 360 -67 23 -215 33 -279 19z\"\/><\/g><\/svg><\/i> <img loading=\"lazy\" decoding=\"async\" width=\"16\" height=\"16\" alt=\"Loading\" src=\"https:\/\/www.diversidadessinfronteras.cl\/wp-content\/plugins\/page-views-count\/ajax-loader-2x.gif\" border=0 \/><\/p>\n<div class=\"pvc_clear\"><\/div>\n","protected":false},"author":1,"featured_media":0,"parent":0,"menu_order":0,"comment_status":"closed","ping_status":"closed","template":"","meta":{"give_campaign_id":0,"_price":"","_stock":"","_tribe_ticket_header":"","_tribe_default_ticket_provider":"","_tribe_ticket_capacity":"0","_ticket_start_date":"","_ticket_end_date":"","_tribe_ticket_show_description":"","_tribe_ticket_show_not_going":false,"_tribe_ticket_use_global_stock":"","_tribe_ticket_global_stock_level":"","_global_stock_mode":"","_global_stock_cap":"","_tribe_rsvp_for_event":"","_tribe_ticket_going_count":"","_tribe_ticket_not_going_count":"","_tribe_tickets_list":"[]","_tribe_ticket_has_attendee_info_fields":false,"footnotes":"","_tec_slr_enabled":"","_tec_slr_layout":""},"class_list":["post-113","page","type-page","status-publish","hentry"],"campaignId":"","ticketed":false,"_links":{"self":[{"href":"https:\/\/www.diversidadessinfronteras.cl\/index.php?rest_route=\/wp\/v2\/pages\/113","targetHints":{"allow":["GET"]}}],"collection":[{"href":"https:\/\/www.diversidadessinfronteras.cl\/index.php?rest_route=\/wp\/v2\/pages"}],"about":[{"href":"https:\/\/www.diversidadessinfronteras.cl\/index.php?rest_route=\/wp\/v2\/types\/page"}],"author":[{"embeddable":true,"href":"https:\/\/www.diversidadessinfronteras.cl\/index.php?rest_route=\/wp\/v2\/users\/1"}],"replies":[{"embeddable":true,"href":"https:\/\/www.diversidadessinfronteras.cl\/index.php?rest_route=%2Fwp%2Fv2%2Fcomments&post=113"}],"version-history":[{"count":70,"href":"https:\/\/www.diversidadessinfronteras.cl\/index.php?rest_route=\/wp\/v2\/pages\/113\/revisions"}],"predecessor-version":[{"id":1142,"href":"https:\/\/www.diversidadessinfronteras.cl\/index.php?rest_route=\/wp\/v2\/pages\/113\/revisions\/1142"}],"wp:attachment":[{"href":"https:\/\/www.diversidadessinfronteras.cl\/index.php?rest_route=%2Fwp%2Fv2%2Fmedia&parent=113"}],"curies":[{"name":"wp","href":"https:\/\/api.w.org\/{rel}","templated":true}]}}